{"id":1143,"date":"2019-12-02T10:39:30","date_gmt":"2019-12-02T15:39:30","guid":{"rendered":"https:\/\/laespanola.co\/tienda\/?post_type=product&#038;p=1143"},"modified":"2025-03-11T11:20:54","modified_gmt":"2025-03-11T16:20:54","slug":"combo-manantial-sin-pedestal","status":"publish","type":"product","link":"https:\/\/laespanola.co\/tienda\/producto\/combo-manantial-sin-pedestal\/","title":{"rendered":"Combo Manantial pro red blanco pro Sin Pedestal"},"content":{"rendered":"<p>Ventajas:<\/p>\n<p>Capacidad de descarga: Evacuaci\u00f3n de s\u00f3lidos entre 200 gr y 300 gr gramos de miso.<\/p>\n<p>Limpieza: Alto espejo de agua que garantiza limpieza de la taza y evita devoluci\u00f3n de olores.<\/p>\n<p>Mantenimiento: Se puede realizar con herramientas convencionales. Repuestos Grival autorizados.<\/p>\n<p>Garant\u00eda:<\/p>\n<p>Garant\u00eda CORONA limitada de por vida en elementos de porcelana y 5 a\u00f1os en grifer\u00eda tanque y asiento.<\/p>\n","protected":false},"excerpt":{"rendered":"<p>Combo Manantial sin pedestal. Para darle m\u00e1s estilo y espacio a tu ba\u00f1o, utiliza este combo compuesto por sanitario, lavamanos de colgar, grifer\u00eda y cromados.<\/p>\n","protected":false},"featured_media":2648,"template":"","meta":[],"product_brand":[],"product_cat":[140],"product_tag":[],"class_list":{"0":"post-1143","1":"product","2":"type-product","3":"status-publish","4":"has-post-thumbnail","6":"product_cat-sanitarios","8":"first","9":"instock","10":"shipping-taxable","11":"purchasable","12":"product-type-simple"},"_links":{"self":[{"href":"https:\/\/laespanola.co\/tienda\/wp-json\/wp\/v2\/product\/1143","targetHints":{"allow":["GET"]}}],"collection":[{"href":"https:\/\/laespanola.co\/tienda\/wp-json\/wp\/v2\/product"}],"about":[{"href":"https:\/\/laespanola.co\/tienda\/wp-json\/wp\/v2\/types\/product"}],"version-history":[{"count":0,"href":"https:\/\/laespanola.co\/tienda\/wp-json\/wp\/v2\/product\/1143\/revisions"}],"wp:featuredmedia":[{"embeddable":true,"href":"https:\/\/laespanola.co\/tienda\/wp-json\/wp\/v2\/media\/2648"}],"wp:attachment":[{"href":"https:\/\/laespanola.co\/tienda\/wp-json\/wp\/v2\/media?parent=1143"}],"wp:term":[{"taxonomy":"product_brand","embeddable":true,"href":"https:\/\/laespanola.co\/tienda\/wp-json\/wp\/v2\/product_brand?post=1143"},{"taxonomy":"product_cat","embeddable":true,"href":"https:\/\/laespanola.co\/tienda\/wp-json\/wp\/v2\/product_cat?post=1143"},{"taxonomy":"product_tag","embeddable":true,"href":"https:\/\/laespanola.co\/tienda\/wp-json\/wp\/v2\/product_tag?post=1143"}],"curies":[{"name":"wp","href":"https:\/\/api.w.org\/{rel}","templated":true}]}}