{"id":1170,"date":"2019-12-02T10:53:48","date_gmt":"2019-12-02T15:53:48","guid":{"rendered":"https:\/\/laespanola.co\/tienda\/?post_type=product&#038;p=1170"},"modified":"2025-03-11T11:26:35","modified_gmt":"2025-03-11T16:26:35","slug":"lavamanos-manantial-duo","status":"publish","type":"product","link":"https:\/\/laespanola.co\/tienda\/producto\/lavamanos-manantial-duo\/","title":{"rendered":"Lavamanos Manantial Blanco Duo sin griferia"},"content":{"rendered":"<p>Ventajas:<br \/>\nLa clave para definir el dise\u00f1o y el estilo del ba\u00f1o, est\u00e1 en el lavamanos. Puedes elegir lavamanos de colgar, con pedestal, con semi-pedestal, lavamanos de incrustar, de sobreponer, tipo vessel o con mes\u00f3n integrado, teniendo en cuenta el que mejor se adapte a tu estilo, espacio y presupuesto.<br \/>\nGarant\u00eda:<br \/>\nGarant\u00eda CORONA limitada de por vida<\/p>\n","protected":false},"excerpt":{"rendered":"<p>Dise\u00f1o con doble prop\u00f3sito para instalar sobre puesto en el mes\u00f3n o tipo vessel tiene un pr\u00e1ctico tama\u00f1o para espacios reducidos, se recomienda instalar con grifer\u00edas a la pared o de mes\u00f3n.<\/p>\n","protected":false},"featured_media":1171,"template":"","meta":[],"product_brand":[],"product_cat":[140],"product_tag":[],"class_list":{"0":"post-1170","1":"product","2":"type-product","3":"status-publish","4":"has-post-thumbnail","6":"product_cat-sanitarios","8":"first","9":"instock","10":"shipping-taxable","11":"purchasable","12":"product-type-simple"},"_links":{"self":[{"href":"https:\/\/laespanola.co\/tienda\/wp-json\/wp\/v2\/product\/1170","targetHints":{"allow":["GET"]}}],"collection":[{"href":"https:\/\/laespanola.co\/tienda\/wp-json\/wp\/v2\/product"}],"about":[{"href":"https:\/\/laespanola.co\/tienda\/wp-json\/wp\/v2\/types\/product"}],"version-history":[{"count":0,"href":"https:\/\/laespanola.co\/tienda\/wp-json\/wp\/v2\/product\/1170\/revisions"}],"wp:featuredmedia":[{"embeddable":true,"href":"https:\/\/laespanola.co\/tienda\/wp-json\/wp\/v2\/media\/1171"}],"wp:attachment":[{"href":"https:\/\/laespanola.co\/tienda\/wp-json\/wp\/v2\/media?parent=1170"}],"wp:term":[{"taxonomy":"product_brand","embeddable":true,"href":"https:\/\/laespanola.co\/tienda\/wp-json\/wp\/v2\/product_brand?post=1170"},{"taxonomy":"product_cat","embeddable":true,"href":"https:\/\/laespanola.co\/tienda\/wp-json\/wp\/v2\/product_cat?post=1170"},{"taxonomy":"product_tag","embeddable":true,"href":"https:\/\/laespanola.co\/tienda\/wp-json\/wp\/v2\/product_tag?post=1170"}],"curies":[{"name":"wp","href":"https:\/\/api.w.org\/{rel}","templated":true}]}}