{"id":1574,"date":"2020-02-24T10:56:23","date_gmt":"2020-02-24T15:56:23","guid":{"rendered":"https:\/\/laespanola.co\/tienda\/?post_type=product&#038;p=1574"},"modified":"2025-03-11T11:32:20","modified_gmt":"2025-03-11T16:32:20","slug":"griferia-para-lavamanos-institucional-push-mesa","status":"publish","type":"product","link":"https:\/\/laespanola.co\/tienda\/producto\/griferia-para-lavamanos-institucional-push-mesa\/","title":{"rendered":"Llave Lavamanos Push Ref 94712 Corona"},"content":{"rendered":"","protected":false},"excerpt":{"rendered":"<p>Un aliado perfecto para las necesidadesde las instituciones de alto tr\u00e1fico. Dise\u00f1adas para un \u00f3ptimo funcionamiento y durabilidad debido a sus caracter\u00edsticas antivand\u00e1licas. Con accionamiento tipo push y cierre autom\u00e1tico temporizado entre 5 a 9 segundos. \u00a1Tenerlo es un beneficio!<\/p>\n","protected":false},"featured_media":1575,"template":"","meta":[],"product_brand":[],"product_cat":[140],"product_tag":[],"class_list":{"0":"post-1574","1":"product","2":"type-product","3":"status-publish","4":"has-post-thumbnail","6":"product_cat-sanitarios","8":"first","9":"instock","10":"shipping-taxable","11":"purchasable","12":"product-type-simple"},"_links":{"self":[{"href":"https:\/\/laespanola.co\/tienda\/wp-json\/wp\/v2\/product\/1574","targetHints":{"allow":["GET"]}}],"collection":[{"href":"https:\/\/laespanola.co\/tienda\/wp-json\/wp\/v2\/product"}],"about":[{"href":"https:\/\/laespanola.co\/tienda\/wp-json\/wp\/v2\/types\/product"}],"version-history":[{"count":0,"href":"https:\/\/laespanola.co\/tienda\/wp-json\/wp\/v2\/product\/1574\/revisions"}],"wp:featuredmedia":[{"embeddable":true,"href":"https:\/\/laespanola.co\/tienda\/wp-json\/wp\/v2\/media\/1575"}],"wp:attachment":[{"href":"https:\/\/laespanola.co\/tienda\/wp-json\/wp\/v2\/media?parent=1574"}],"wp:term":[{"taxonomy":"product_brand","embeddable":true,"href":"https:\/\/laespanola.co\/tienda\/wp-json\/wp\/v2\/product_brand?post=1574"},{"taxonomy":"product_cat","embeddable":true,"href":"https:\/\/laespanola.co\/tienda\/wp-json\/wp\/v2\/product_cat?post=1574"},{"taxonomy":"product_tag","embeddable":true,"href":"https:\/\/laespanola.co\/tienda\/wp-json\/wp\/v2\/product_tag?post=1574"}],"curies":[{"name":"wp","href":"https:\/\/api.w.org\/{rel}","templated":true}]}}