{"id":1725,"date":"2020-05-04T15:19:14","date_gmt":"2020-05-04T20:19:14","guid":{"rendered":"https:\/\/laespanola.co\/tienda\/?post_type=product&#038;p=1725"},"modified":"2025-03-19T17:42:13","modified_gmt":"2025-03-19T22:42:13","slug":"teja-de-zinc","status":"publish","type":"product","link":"https:\/\/laespanola.co\/tienda\/producto\/teja-de-zinc\/","title":{"rendered":"Teja zinc 2.14 C.30 (0.30mm)"},"content":{"rendered":"<p>BENEFICIOS<br \/>\nHasta en un 50% mayor ahorro en costos de mantenimiento.<br \/>\nDisminuci\u00f3n de tiempos de instalaci\u00f3n hasta en un 50%.<br \/>\nMayor durabilidad en el tiempo.<br \/>\n\u00danicos en Colombia con Autodeclaraci\u00f3n Ambiental, para aceros planos.<br \/>\nFabricada con los mejores materiales y alta tecnolog\u00eda.<br \/>\nNo propaga el fuego.<br \/>\nEl material de empaque utilizado en cada uno de los productos es reciclable y puede ser enviado a aprovechamiento a trav\u00e9s de gestores debidamente autorizados.<\/p>\n","protected":false},"excerpt":{"rendered":"<p>Es la preferida y la m\u00e1s querida en el campo colombiano. Por m\u00e1s de 20 a\u00f1os le ha brindado protecci\u00f3n, bienestar y tranquilidad a miles de hogares en el sector rural, satisfaciendo sus necesidades.<\/p>\n<p>Es utilizada en techos de vivienda, fincas, establos, graneros, galpones, bebederos, entre otros.<\/p>\n","protected":false},"featured_media":1737,"template":"","meta":[],"product_brand":[],"product_cat":[145],"product_tag":[],"class_list":{"0":"post-1725","1":"product","2":"type-product","3":"status-publish","4":"has-post-thumbnail","6":"product_cat-tejas","8":"first","9":"instock","10":"shipping-taxable","11":"purchasable","12":"product-type-simple"},"_links":{"self":[{"href":"https:\/\/laespanola.co\/tienda\/wp-json\/wp\/v2\/product\/1725","targetHints":{"allow":["GET"]}}],"collection":[{"href":"https:\/\/laespanola.co\/tienda\/wp-json\/wp\/v2\/product"}],"about":[{"href":"https:\/\/laespanola.co\/tienda\/wp-json\/wp\/v2\/types\/product"}],"version-history":[{"count":0,"href":"https:\/\/laespanola.co\/tienda\/wp-json\/wp\/v2\/product\/1725\/revisions"}],"wp:featuredmedia":[{"embeddable":true,"href":"https:\/\/laespanola.co\/tienda\/wp-json\/wp\/v2\/media\/1737"}],"wp:attachment":[{"href":"https:\/\/laespanola.co\/tienda\/wp-json\/wp\/v2\/media?parent=1725"}],"wp:term":[{"taxonomy":"product_brand","embeddable":true,"href":"https:\/\/laespanola.co\/tienda\/wp-json\/wp\/v2\/product_brand?post=1725"},{"taxonomy":"product_cat","embeddable":true,"href":"https:\/\/laespanola.co\/tienda\/wp-json\/wp\/v2\/product_cat?post=1725"},{"taxonomy":"product_tag","embeddable":true,"href":"https:\/\/laespanola.co\/tienda\/wp-json\/wp\/v2\/product_tag?post=1725"}],"curies":[{"name":"wp","href":"https:\/\/api.w.org\/{rel}","templated":true}]}}