{"id":1761,"date":"2020-05-12T10:26:02","date_gmt":"2020-05-12T15:26:02","guid":{"rendered":"https:\/\/laespanola.co\/tienda\/?post_type=product&#038;p=1761"},"modified":"2024-08-26T12:04:49","modified_gmt":"2024-08-26T17:04:49","slug":"teja-ajozinc-3-05-x-0-83-m","status":"publish","type":"product","link":"https:\/\/laespanola.co\/tienda\/producto\/teja-ajozinc-3-05-x-0-83-m\/","title":{"rendered":"Teja Ajozinc cristal 3.05 policarbonato"},"content":{"rendered":"<p>ESPECIFICACIONES T\u00c9CNICAS<\/p>\n<p>Teja\/Techo Policarbonato Ajover Ajozinc Heavy Duty 305 cm<\/p>\n<p><strong>CARACTER\u00cdSTICAS PRODUCTO:<\/strong><\/p>\n<p>Sus atributos se traducen en claras ventajas para el instalador y consumidor final:<\/p>\n<ul>\n<li>M\u00e1s resistente al impacto y a los cambios clim\u00e1ticos<\/li>\n<li>Mejor iluminaci\u00f3n<\/li>\n<li>Altamente resistente a la exposici\u00f3n solar y al granizo<\/li>\n<li>No se cristaliza<\/li>\n<li>Estricto control de calidad<\/li>\n<li>Respaldo de marca<\/li>\n<\/ul>\n","protected":false},"excerpt":{"rendered":"<p>ESPECIFICACIONES T\u00c9CNICAS Teja\/Techo Policarbonato Ajover Ajozinc Heavy Duty 305 cm CARACTER\u00cdSTICAS PRODUCTO: Sus atributos se traducen en claras ventajas para el instalador y consumidor final: M\u00e1s resistente al impacto y a los cambios clim\u00e1ticos Mejor iluminaci\u00f3n Altamente resistente a la exposici\u00f3n solar y al granizo No se cristaliza Estricto control de calidad Respaldo de marca<\/p>\n","protected":false},"featured_media":1762,"template":"","meta":[],"product_brand":[],"product_cat":[145],"product_tag":[],"class_list":{"0":"post-1761","1":"product","2":"type-product","3":"status-publish","4":"has-post-thumbnail","6":"product_cat-tejas","8":"first","9":"instock","10":"shipping-taxable","11":"purchasable","12":"product-type-simple"},"_links":{"self":[{"href":"https:\/\/laespanola.co\/tienda\/wp-json\/wp\/v2\/product\/1761","targetHints":{"allow":["GET"]}}],"collection":[{"href":"https:\/\/laespanola.co\/tienda\/wp-json\/wp\/v2\/product"}],"about":[{"href":"https:\/\/laespanola.co\/tienda\/wp-json\/wp\/v2\/types\/product"}],"version-history":[{"count":0,"href":"https:\/\/laespanola.co\/tienda\/wp-json\/wp\/v2\/product\/1761\/revisions"}],"wp:featuredmedia":[{"embeddable":true,"href":"https:\/\/laespanola.co\/tienda\/wp-json\/wp\/v2\/media\/1762"}],"wp:attachment":[{"href":"https:\/\/laespanola.co\/tienda\/wp-json\/wp\/v2\/media?parent=1761"}],"wp:term":[{"taxonomy":"product_brand","embeddable":true,"href":"https:\/\/laespanola.co\/tienda\/wp-json\/wp\/v2\/product_brand?post=1761"},{"taxonomy":"product_cat","embeddable":true,"href":"https:\/\/laespanola.co\/tienda\/wp-json\/wp\/v2\/product_cat?post=1761"},{"taxonomy":"product_tag","embeddable":true,"href":"https:\/\/laespanola.co\/tienda\/wp-json\/wp\/v2\/product_tag?post=1761"}],"curies":[{"name":"wp","href":"https:\/\/api.w.org\/{rel}","templated":true}]}}