{"id":606,"date":"2019-08-26T14:34:42","date_gmt":"2019-08-26T19:34:42","guid":{"rendered":"https:\/\/creasotoldns.com\/la-espanola\/tienda\/?post_type=product&#038;p=606"},"modified":"2025-03-11T11:39:46","modified_gmt":"2025-03-11T16:39:46","slug":"pego-piscinas-25-kg","status":"publish","type":"product","link":"https:\/\/laespanola.co\/tienda\/producto\/pego-piscinas-25-kg\/","title":{"rendered":"Pegante Para Piscinas Blanco 25Kg"},"content":{"rendered":"<p>Descripci\u00f3n del producto<br \/>\nPRESENTACI\u00d3N:<br \/>\n10 y 25 Kg<\/p>\n<p>COLOR:<br \/>\nBlanco<\/p>\n<p>VIDA \u00daTIL DEL PRODUCTO:<br \/>\nProducto Empacado de 8 Meses<\/p>\n<p>TABLA DE RENDIMIENTOS:<br \/>\nEstos valores son aproximados, depende de la superficie y la habilidad del instalador.<\/p>\n<p>Formato: 12 x 12 cm | Llana: 5 x 5 mm | Rendimiento por 25 kg: 7.2 m\u00b2<\/p>\n<p>Formato: 12 x 25 cm | Llana: 6 x 6 mm | Rendimiento por 25 kg: 5.5 m\u00b2<\/p>\n<p>Formato: 20 x 20 cm | Llana: 6 x 6 mm | Rendimiento por 25 kg: 5.5 m\u00b2<\/p>\n<p>Formato: 20 x 25 cm | Llana: 8 x 8 mm | Rendimiento por 25 kg: 3.7 m\u00b2<\/p>\n<p>Formato: 60 x 30 cm | Llana: 8 x 8 mm | Rendimiento por 25 kg: 3.7 m\u00b2<\/p>\n<p>Formato: 60 x 60 cm | Llana: 10 x 10 mm | Rendimiento por 25 kg: 3.4 m\u00b2<\/p>\n","protected":false},"excerpt":{"rendered":"<p>Mezcla adhesiva, flexible e impermeable para la instalaci\u00f3n de revestimientos cer\u00e1micos de baja y media absorci\u00f3n en pisos y paredes. Especialmente para sitios expuestos constantemente a la humedad como: piscinas, saunas, ba\u00f1os y jacuzzis. Se comercializa en presentaci\u00f3n de 10 y 25 kilos en color Blanco.<\/p>\n","protected":false},"featured_media":607,"template":"","meta":[],"product_brand":[],"product_cat":[120],"product_tag":[],"class_list":{"0":"post-606","1":"product","2":"type-product","3":"status-publish","4":"has-post-thumbnail","6":"product_cat-pegantes","8":"first","9":"instock","10":"shipping-taxable","11":"purchasable","12":"product-type-simple"},"_links":{"self":[{"href":"https:\/\/laespanola.co\/tienda\/wp-json\/wp\/v2\/product\/606","targetHints":{"allow":["GET"]}}],"collection":[{"href":"https:\/\/laespanola.co\/tienda\/wp-json\/wp\/v2\/product"}],"about":[{"href":"https:\/\/laespanola.co\/tienda\/wp-json\/wp\/v2\/types\/product"}],"version-history":[{"count":0,"href":"https:\/\/laespanola.co\/tienda\/wp-json\/wp\/v2\/product\/606\/revisions"}],"wp:featuredmedia":[{"embeddable":true,"href":"https:\/\/laespanola.co\/tienda\/wp-json\/wp\/v2\/media\/607"}],"wp:attachment":[{"href":"https:\/\/laespanola.co\/tienda\/wp-json\/wp\/v2\/media?parent=606"}],"wp:term":[{"taxonomy":"product_brand","embeddable":true,"href":"https:\/\/laespanola.co\/tienda\/wp-json\/wp\/v2\/product_brand?post=606"},{"taxonomy":"product_cat","embeddable":true,"href":"https:\/\/laespanola.co\/tienda\/wp-json\/wp\/v2\/product_cat?post=606"},{"taxonomy":"product_tag","embeddable":true,"href":"https:\/\/laespanola.co\/tienda\/wp-json\/wp\/v2\/product_tag?post=606"}],"curies":[{"name":"wp","href":"https:\/\/api.w.org\/{rel}","templated":true}]}}