{"id":729,"date":"2019-09-15T21:11:28","date_gmt":"2019-09-16T02:11:28","guid":{"rendered":"https:\/\/laespanola.co\/tienda\/?post_type=product&#038;p=729"},"modified":"2024-04-29T14:13:49","modified_gmt":"2024-04-29T19:13:49","slug":"champucera-swing-3-niveles","status":"publish","type":"product","link":"https:\/\/laespanola.co\/tienda\/producto\/champucera-swing-3-niveles\/","title":{"rendered":"Champucera Swing 3 Niveles 60350"},"content":{"rendered":"<p>Descripci\u00f3n t\u00e9cnica Compartimientos: 3 niveles, 1 Jabonera y 2 ganchos colgaderos<br \/>\nColor Blanco 00 | Metalizado 01 | Fucsia 04 | Turquesa 05<br \/>\nMaterial \/ Acabado Acero plastificado<br \/>\nTama\u00f1o Frente: 26 cm Profundidad: 11 cm Altura: 68 cm<br \/>\nObservaciones Los elementos decorativos no se incluyen.<\/p>\n","protected":false},"excerpt":{"rendered":"<p>Mantener las cosas en su lugar es m\u00e1s f\u00e1cil con la Champucera swing 3 niveles Rejiplas que te ofrece m\u00e1s espacio para almacenar tus productos de aseo personal, ayud\u00e1ndote a mantener el ba\u00f1o organizado.<\/p>\n","protected":false},"featured_media":730,"template":"","meta":[],"product_brand":[],"product_cat":[138],"product_tag":[],"class_list":{"0":"post-729","1":"product","2":"type-product","3":"status-publish","4":"has-post-thumbnail","6":"product_cat-rejillas","8":"first","9":"instock","10":"shipping-taxable","11":"purchasable","12":"product-type-simple"},"_links":{"self":[{"href":"https:\/\/laespanola.co\/tienda\/wp-json\/wp\/v2\/product\/729","targetHints":{"allow":["GET"]}}],"collection":[{"href":"https:\/\/laespanola.co\/tienda\/wp-json\/wp\/v2\/product"}],"about":[{"href":"https:\/\/laespanola.co\/tienda\/wp-json\/wp\/v2\/types\/product"}],"version-history":[{"count":0,"href":"https:\/\/laespanola.co\/tienda\/wp-json\/wp\/v2\/product\/729\/revisions"}],"wp:featuredmedia":[{"embeddable":true,"href":"https:\/\/laespanola.co\/tienda\/wp-json\/wp\/v2\/media\/730"}],"wp:attachment":[{"href":"https:\/\/laespanola.co\/tienda\/wp-json\/wp\/v2\/media?parent=729"}],"wp:term":[{"taxonomy":"product_brand","embeddable":true,"href":"https:\/\/laespanola.co\/tienda\/wp-json\/wp\/v2\/product_brand?post=729"},{"taxonomy":"product_cat","embeddable":true,"href":"https:\/\/laespanola.co\/tienda\/wp-json\/wp\/v2\/product_cat?post=729"},{"taxonomy":"product_tag","embeddable":true,"href":"https:\/\/laespanola.co\/tienda\/wp-json\/wp\/v2\/product_tag?post=729"}],"curies":[{"name":"wp","href":"https:\/\/api.w.org\/{rel}","templated":true}]}}