{"id":919,"date":"2019-09-15T22:18:45","date_gmt":"2019-09-16T03:18:45","guid":{"rendered":"https:\/\/laespanola.co\/tienda\/?post_type=product&#038;p=919"},"modified":"2026-03-19T10:52:44","modified_gmt":"2026-03-19T15:52:44","slug":"barniz-brillante-sd1-galon","status":"publish","type":"product","link":"https:\/\/laespanola.co\/tienda\/producto\/barniz-brillante-sd1-galon\/","title":{"rendered":"BARNIZ BRILLANTE SD1 GALON"},"content":{"rendered":"<p>Beneficios<\/p>\n<p>Estos son algunos de los beneficios que te ofrece Barniz:<\/p>\n<p>Alto rendimiento<\/p>\n<p>F\u00e1cil aplicaci\u00f3n<\/p>\n<p>Ahorra tiempo y dinero<\/p>\n","protected":false},"excerpt":{"rendered":"<p>Barniz sint\u00e9tico transparente base solvente. Ideal para la protecci\u00f3n y decoraci\u00f3n de superficies de madera en ambientes interiores que no est\u00e9n expuestas a la luz directa del sol, a la humedad o a la abrasi\u00f3n, como techos, puertas, z\u00f3calos, columnas, vigas, mesas decorativas y muebles de madera en general.<\/p>\n","protected":false},"featured_media":920,"template":"","meta":[],"product_brand":[],"product_cat":[135],"product_tag":[],"class_list":{"0":"post-919","1":"product","2":"type-product","3":"status-publish","4":"has-post-thumbnail","6":"product_cat-pintuco-pinturas","8":"first","9":"instock","10":"shipping-taxable","11":"purchasable","12":"product-type-simple"},"_links":{"self":[{"href":"https:\/\/laespanola.co\/tienda\/wp-json\/wp\/v2\/product\/919","targetHints":{"allow":["GET"]}}],"collection":[{"href":"https:\/\/laespanola.co\/tienda\/wp-json\/wp\/v2\/product"}],"about":[{"href":"https:\/\/laespanola.co\/tienda\/wp-json\/wp\/v2\/types\/product"}],"version-history":[{"count":0,"href":"https:\/\/laespanola.co\/tienda\/wp-json\/wp\/v2\/product\/919\/revisions"}],"wp:featuredmedia":[{"embeddable":true,"href":"https:\/\/laespanola.co\/tienda\/wp-json\/wp\/v2\/media\/920"}],"wp:attachment":[{"href":"https:\/\/laespanola.co\/tienda\/wp-json\/wp\/v2\/media?parent=919"}],"wp:term":[{"taxonomy":"product_brand","embeddable":true,"href":"https:\/\/laespanola.co\/tienda\/wp-json\/wp\/v2\/product_brand?post=919"},{"taxonomy":"product_cat","embeddable":true,"href":"https:\/\/laespanola.co\/tienda\/wp-json\/wp\/v2\/product_cat?post=919"},{"taxonomy":"product_tag","embeddable":true,"href":"https:\/\/laespanola.co\/tienda\/wp-json\/wp\/v2\/product_tag?post=919"}],"curies":[{"name":"wp","href":"https:\/\/api.w.org\/{rel}","templated":true}]}}